-- phpMyAdmin SQL Dump
-- version 5.0.2
-- https://www.phpmyadmin.net/
--
-- Host: 127.0.0.1
-- Czas generowania: 28 Paź 2022, 13:25
-- Wersja serwera: 10.4.11-MariaDB
-- Wersja PHP: 7.4.6

SET SQL_MODE = "NO_AUTO_VALUE_ON_ZERO";
START TRANSACTION;
SET time_zone = "+00:00";


/*!40101 SET @OLD_CHARACTER_SET_CLIENT=@@CHARACTER_SET_CLIENT */;
/*!40101 SET @OLD_CHARACTER_SET_RESULTS=@@CHARACTER_SET_RESULTS */;
/*!40101 SET @OLD_COLLATION_CONNECTION=@@COLLATION_CONNECTION */;
/*!40101 SET NAMES utf8mb4 */;

--
-- Baza danych: `sklep2`
--

DELIMITER $$
--
-- Procedury
--
CREATE DEFINER=`root`@`localhost` PROCEDURE `add_il` (IN `idzam` INT)  update zamowienia set sztuk=sztuk+1 where idz = idzam$$

CREATE DEFINER=`root`@`localhost` PROCEDURE `add_ilosc` (IN `produkt` VARCHAR(35))  update produkty set ilosc=ilosc+2 where nazwa=produkt$$

DELIMITER ;

-- --------------------------------------------------------

--
-- Struktura tabeli dla tabeli `kategoria_klienta`
--

CREATE TABLE `kategoria_klienta` (
  `idkk` int(11) NOT NULL,
  `nazwa` varchar(35) DEFAULT NULL
) ENGINE=InnoDB DEFAULT CHARSET=latin2;

-- --------------------------------------------------------

--
-- Struktura tabeli dla tabeli `klienci`
--

CREATE TABLE `klienci` (
  `idk` int(11) NOT NULL,
  `imie` varchar(40) DEFAULT NULL,
  `nazwisko` varchar(40) DEFAULT NULL,
  `miasto` varchar(40) DEFAULT NULL,
  `telefon` decimal(10,0) DEFAULT NULL
) ENGINE=InnoDB DEFAULT CHARSET=latin2;

--
-- Zrzut danych tabeli `klienci`
--

INSERT INTO `klienci` (`idk`, `imie`, `nazwisko`, `miasto`, `telefon`) VALUES
(1, 'Jan', 'Nowak', 'Katowice', '555123444'),
(2, 'Adam', 'Beton', 'Wadowice', '222123444'),
(3, 'Zenon', 'Czarny', 'Katowice', '555123888'),
(4, 'Ksawery', 'Wawoczny', 'Warszawa', '123456789'),
(6, 'Ignacy', 'Nowak', 'Sopot', '560123555'),
(7, 'Anna', 'Bury', 'Kowal', '655324566');

-- --------------------------------------------------------

--
-- Struktura tabeli dla tabeli `produkty`
--

CREATE TABLE `produkty` (
  `idp` int(11) NOT NULL,
  `nazwa` varchar(35) DEFAULT NULL
) ENGINE=InnoDB DEFAULT CHARSET=latin2;

--
-- Zrzut danych tabeli `produkty`
--

INSERT INTO `produkty` (`idp`, `nazwa`) VALUES
(1, 'mysz'),
(2, 'klawiatura'),
(3, 'procesor'),
(4, 'monitor');

-- --------------------------------------------------------

--
-- Struktura tabeli dla tabeli `produkty2`
--

CREATE TABLE `produkty2` (
  `idp` int(11) NOT NULL,
  `idz` int(11) DEFAULT NULL,
  `nazwa` varchar(30) DEFAULT NULL
) ENGINE=InnoDB DEFAULT CHARSET=latin2;

--
-- Zrzut danych tabeli `produkty2`
--

INSERT INTO `produkty2` (`idp`, `idz`, `nazwa`) VALUES
(1, 1, 'Mysz'),
(2, 2, 'Karta graficzna'),
(3, 3, 'Procesor'),
(4, 4, 'Klawiatura');

-- --------------------------------------------------------

--
-- Struktura tabeli dla tabeli `zamowienia`
--

CREATE TABLE `zamowienia` (
  `idz` int(11) NOT NULL,
  `idk` int(11) DEFAULT NULL,
  `idp` int(11) DEFAULT NULL,
  `sztuk` int(11) DEFAULT NULL
) ENGINE=InnoDB DEFAULT CHARSET=latin2;

--
-- Zrzut danych tabeli `zamowienia`
--

INSERT INTO `zamowienia` (`idz`, `idk`, `idp`, `sztuk`) VALUES
(1, 1, 4, 7),
(2, 1, 4, 3),
(3, 2, 4, 6),
(4, 1, 4, 15),
(5, 7, 1, 21),
(6, 6, 2, 33);

--
-- Indeksy dla zrzutów tabel
--

--
-- Indeksy dla tabeli `kategoria_klienta`
--
ALTER TABLE `kategoria_klienta`
  ADD PRIMARY KEY (`idkk`);

--
-- Indeksy dla tabeli `klienci`
--
ALTER TABLE `klienci`
  ADD PRIMARY KEY (`idk`);

--
-- Indeksy dla tabeli `produkty`
--
ALTER TABLE `produkty`
  ADD PRIMARY KEY (`idp`);

--
-- Indeksy dla tabeli `produkty2`
--
ALTER TABLE `produkty2`
  ADD PRIMARY KEY (`idp`);

--
-- Indeksy dla tabeli `zamowienia`
--
ALTER TABLE `zamowienia`
  ADD PRIMARY KEY (`idz`);

--
-- AUTO_INCREMENT for dumped tables
--

--
-- AUTO_INCREMENT dla tabeli `kategoria_klienta`
--
ALTER TABLE `kategoria_klienta`
  MODIFY `idkk` int(11) NOT NULL AUTO_INCREMENT;

--
-- AUTO_INCREMENT dla tabeli `klienci`
--
ALTER TABLE `klienci`
  MODIFY `idk` int(11) NOT NULL AUTO_INCREMENT, AUTO_INCREMENT=8;

--
-- AUTO_INCREMENT dla tabeli `produkty`
--
ALTER TABLE `produkty`
  MODIFY `idp` int(11) NOT NULL AUTO_INCREMENT, AUTO_INCREMENT=5;

--
-- AUTO_INCREMENT dla tabeli `produkty2`
--
ALTER TABLE `produkty2`
  MODIFY `idp` int(11) NOT NULL AUTO_INCREMENT, AUTO_INCREMENT=5;

--
-- AUTO_INCREMENT dla tabeli `zamowienia`
--
ALTER TABLE `zamowienia`
  MODIFY `idz` int(11) NOT NULL AUTO_INCREMENT, AUTO_INCREMENT=7;
COMMIT;

/*!40101 SET CHARACTER_SET_CLIENT=@OLD_CHARACTER_SET_CLIENT */;
/*!40101 SET CHARACTER_SET_RESULTS=@OLD_CHARACTER_SET_RESULTS */;
/*!40101 SET COLLATION_CONNECTION=@OLD_COLLATION_CONNECTION */;
