SET SQL_MODE = "NO_AUTO_VALUE_ON_ZERO";
START TRANSACTION;
SET time_zone = "+00:00";


/*!40101 SET @OLD_CHARACTER_SET_CLIENT=@@CHARACTER_SET_CLIENT */;
/*!40101 SET @OLD_CHARACTER_SET_RESULTS=@@CHARACTER_SET_RESULTS */;
/*!40101 SET @OLD_COLLATION_CONNECTION=@@COLLATION_CONNECTION */;
/*!40101 SET NAMES utf8mb4 */;

--
-- Baza danych: `uczniowie`
--
CREATE DATABASE IF NOT EXISTS `uczniowie` DEFAULT CHARACTER SET utf8 COLLATE utf8_polish_ci;
USE `uczniowie`;

-- --------------------------------------------------------

--
-- Struktura tabeli dla tabeli `dane_os`
--

DROP TABLE IF EXISTS `dane_os`;
CREATE TABLE `dane_os` (
  `id_ucz` int(11) DEFAULT NULL,
  `dzien` int(11) DEFAULT NULL,
  `miesiac` int(11) DEFAULT NULL,
  `rok` int(11) DEFAULT NULL,
  `m_urodzenia` varchar(30) DEFAULT NULL,
  `wojewodztwo` varchar(30) DEFAULT NULL
) ENGINE=InnoDB DEFAULT CHARSET=utf8 COLLATE=utf8_polish_ci;

--
-- Zrzut danych tabeli `dane_os`
--

INSERT INTO `dane_os` (`id_ucz`, `dzien`, `miesiac`, `rok`, `m_urodzenia`, `wojewodztwo`) VALUES
(9201, 1, 3, 83, 'Gdańsku', 'pomorskie'),
(9202, 3, 5, 82, 'Gdańsku', 'pomorskie'),
(9211, 14, 9, 82, 'Gdańsku', 'pomorskie'),
(9217, 28, 9, 82, 'Gdańsku', 'pomorskie'),
(9224, 3, 2, 82, 'Gdańsku', 'pomorskie'),
(9231, 7, 7, 82, 'Gdańsku', 'pomorskie'),
(9233, 24, 2, 82, 'Dąbrowie Białostockiej', 'podlaskie'),
(9234, 10, 8, 82, 'Gdańsku', 'pomorskie'),
(9241, 16, 11, 82, 'Gdańsku', 'pomorskie'),
(9248, 22, 6, 82, 'Gdańsku', 'pomorskie'),
(9254, 6, 1, 82, 'Gdańsku', 'pomorskie'),
(9257, 27, 11, 82, 'Gdańsku', 'pomorskie'),
(9265, 7, 12, 82, 'Gdańsku', 'pomorskie'),
(9291, 9, 11, 82, 'Gdańsku', 'pomorskie'),
(9299, 8, 1, 82, 'Międzyrzecu Podlaskim', 'podlaskie'),
(9311, 11, 9, 82, 'Gdańsku', 'pomorskie'),
(9327, 5, 5, 82, 'Gdańsku', 'pomorskie'),
(9343, 14, 10, 82, 'Gdańsku', 'pomorskie'),
(9353, 15, 5, 82, 'Gdańsku', 'pomorskie'),
(9370, 7, 11, 82, 'Gdańsku', 'pomorskie'),
(9386, 26, 11, 82, 'Gdańsku', 'pomorskie'),
(9416, 20, 1, 82, 'Gdańsku', 'pomorskie'),
(9421, 27, 7, 82, 'Gdańsku', 'pomorskie'),
(9430, 17, 1, 82, 'Gdańsku', 'pomorskie'),
(9437, 25, 8, 82, 'Gdańsku', 'pomorskie'),
(9457, 9, 7, 82, 'Gdańsku', 'pomorskie'),
(9473, 29, 7, 82, 'Gdańsku', 'pomorskie'),
(9478, 8, 8, 82, 'Gdańsku', 'pomorskie'),
(9481, 13, 1, 82, 'Gdańsku', 'pomorskie'),
(9483, 23, 2, 82, 'Gdańsku', 'pomorskie'),
(9486, 1, 12, 82, 'Gdańsku', 'pomorskie'),
(9494, 15, 4, 82, 'Gdańsku', 'pomorskie'),
(9504, 8, 3, 84, 'Gdańsku', 'pomorskie'),
(9551, 29, 11, 83, 'Gdańsku', 'pomorskie'),
(9562, 25, 8, 83, 'Pruszczu Gdańskim', 'pomorskie'),
(9566, 27, 1, 83, 'Gdańsku', 'pomorskie'),
(9567, 27, 5, 83, 'Gdańsku', 'pomorskie'),
(9568, 21, 11, 83, 'Gdańsku', 'pomorskie'),
(9575, 22, 3, 83, 'Gdańsku', 'pomorskie'),
(9593, 4, 12, 83, 'Wrocławiu', 'dolnośląskie'),
(9595, 30, 8, 83, 'Gdańsku', 'pomorskie'),
(9605, 18, 10, 83, 'Gdańsku', 'pomorskie'),
(9607, 25, 8, 83, 'Gdańsku', 'pomorskie'),
(9611, 4, 2, 83, 'Pruszczu Gdańskim', 'pomorskie'),
(9614, 21, 10, 83, 'Gdańsku', 'pomorskie'),
(9621, 22, 11, 83, 'Gdańsku', 'pomorskie'),
(9643, 3, 3, 83, 'Gdańsku', 'pomorskie'),
(9644, 23, 3, 83, 'Gdańsku', 'pomorskie'),
(9645, 23, 4, 83, 'Gdańsku', 'pomorskie'),
(9649, 5, 6, 83, 'Gdańsku', 'pomorskie'),
(9651, 22, 1, 83, 'Gdańsku', 'pomorskie'),
(9682, 14, 1, 83, 'Gdańsku', 'pomorskie'),
(9699, 1, 12, 83, 'Gdańsku', 'pomorskie'),
(9705, 15, 7, 83, 'Sycowiu', 'dolnośląskie'),
(9708, 9, 8, 83, 'Gdańsku', 'pomorskie'),
(9710, 9, 2, 83, 'Gdańsku', 'pomorskie'),
(9714, 27, 4, 83, 'Pruszczu Gdańskim', 'pomorskie'),
(9716, 7, 7, 83, 'Gdańsku', 'pomorskie'),
(9745, 20, 6, 83, 'Gdańsku', 'pomorskie'),
(9749, 14, 7, 83, 'Gdańsku', 'pomorskie'),
(9751, 25, 2, 83, 'Sokółce', 'pomorskie'),
(9754, 24, 8, 83, 'Gdańsku', 'pomorskie'),
(9770, 27, 10, 83, 'Gdańsku', 'pomorskie'),
(9779, 17, 9, 83, 'Gdańsku', 'pomorskie'),
(9788, 7, 3, 83, 'Pruszczu Gdańskim', 'pomorskie'),
(9802, 9, 5, 82, 'Gdańsku', 'pomorskie'),
(9803, 13, 3, 84, 'Gdańsku', 'pomorskie'),
(9804, 5, 11, 84, 'Gdańsku', 'pomorskie'),
(9805, 12, 10, 84, 'Gdańsku', 'pomorskie'),
(9806, 6, 12, 84, 'Gdańsku', 'pomorskie'),
(9810, 20, 2, 84, 'Gdańsku', 'pomorskie'),
(9811, 11, 6, 84, 'Gdańsku', 'pomorskie'),
(9812, 28, 5, 84, 'Gdańsku', 'pomorskie'),
(9818, 14, 4, 84, 'Gdańsku', 'pomorskie'),
(9819, 10, 5, 84, 'Gdańsku', 'pomorskie'),
(9824, 10, 10, 84, 'Gdańsku', 'pomorskie'),
(9825, 12, 11, 84, 'Gdańsku', 'pomorskie'),
(9826, 16, 11, 84, 'Gdańsku', 'pomorskie'),
(9829, 28, 7, 84, 'Zamościu', 'lubelskie'),
(9830, 1, 7, 84, 'Gdańsku', 'pomorskie'),
(9831, 23, 3, 84, 'Gdańsku', 'pomorskie'),
(9832, 11, 5, 84, 'Gdańsku', 'pomorskie'),
(9833, 4, 7, 84, 'Gdańsku', 'pomorskie'),
(9836, 3, 4, 84, 'Gdańsku', 'pomorskie'),
(9840, 15, 1, 85, 'Gdańsku', 'pomorskie'),
(9842, 14, 5, 84, 'Łapach', 'podlaskie'),
(9844, 3, 2, 84, 'Gdańsku', 'pomorskie'),
(9845, 9, 10, 84, 'Gdańsku', 'pomorskie'),
(9848, 26, 1, 84, 'Gdańsku', 'pomorskie'),
(9852, 9, 2, 84, 'Gdańsku', 'pomorskie'),
(9854, 2, 7, 84, 'Gdańsku', 'pomorskie'),
(9856, 31, 3, 84, 'Gdańsku', 'pomorskie'),
(9858, 2, 1, 85, 'Gdańsku', 'pomorskie'),
(9859, 24, 5, 84, 'Gdańsku', 'pomorskie'),
(9860, 8, 3, 84, 'Siemiatyczach', 'podlaskie'),
(9867, 29, 10, 84, 'Gdańsku', 'pomorskie'),
(9870, 20, 10, 84, 'Gdańsku', 'pomorskie'),
(9871, 30, 4, 84, 'Tychach', 'śląskie'),
(9873, 9, 10, 84, 'Gdańsku', 'pomorskie'),
(9876, 17, 8, 84, 'Gdańsku', 'pomorskie'),
(9877, 11, 2, 84, 'Gdańsku', 'pomorskie'),
(9878, 3, 7, 84, 'Gdańsku', 'pomorskie'),
(9883, 1, 1, 84, 'Gdańsku', 'pomorskie'),
(9884, 11, 2, 84, 'Gdańsku', 'pomorskie'),
(9885, 2, 7, 84, 'Gdańsku', 'pomorskie'),
(9887, 13, 10, 84, 'Gdańsku', 'pomorskie'),
(9888, 3, 8, 84, 'Gdańsku', 'pomorskie'),
(9889, 5, 6, 84, 'Gdańsku', 'pomorskie'),
(9891, 15, 7, 84, 'Gdańsku', 'pomorskie'),
(9892, 17, 7, 84, 'Gdańsku', 'pomorskie'),
(9893, 7, 2, 84, 'Gdańsku', 'pomorskie'),
(9894, 29, 6, 84, 'Gdańsku', 'pomorskie'),
(9899, 19, 8, 84, 'Gdańsku', 'pomorskie'),
(9901, 29, 1, 84, 'Gdańsku', 'pomorskie'),
(9903, 26, 10, 84, 'Gdańsku', 'pomorskie'),
(9905, 28, 2, 84, 'Gdańsku', 'pomorskie'),
(9907, 15, 9, 84, 'Gdańsku', 'pomorskie'),
(9909, 28, 9, 84, 'Gdańsku', 'pomorskie'),
(9910, 12, 6, 84, 'Gdańsku', 'pomorskie'),
(9911, 30, 12, 84, 'Gdańsku', 'pomorskie'),
(9912, 22, 11, 84, 'Gdańsku', 'pomorskie'),
(9913, 27, 9, 84, 'Łapach', 'pomorskie'),
(9916, 18, 8, 84, 'Otwocku', 'mazowieckie'),
(9918, 15, 2, 84, 'Gdańsku', 'pomorskie'),
(9920, 24, 7, 84, 'Gdańsku', 'pomorskie'),
(9924, 9, 7, 84, 'Gdańsku', 'pomorskie'),
(9925, 15, 9, 84, 'Gdańsku', 'pomorskie'),
(9928, 19, 12, 84, 'Gdańsku', 'pomorskie'),
(9929, 17, 1, 84, 'Gdańsku', 'pomorskie'),
(9930, 30, 5, 84, 'Gdańsku', 'pomorskie'),
(9932, 27, 9, 84, 'Gdańsku', 'pomorskie'),
(9934, 24, 2, 84, 'Gdańsku', 'pomorskie'),
(9937, 15, 7, 84, 'Gdańsku', 'pomorskie'),
(9940, 10, 2, 84, 'Gdańsku', 'pomorskie'),
(9941, 21, 1, 84, 'Gdańsku', 'pomorskie'),
(9943, 6, 2, 84, 'Gdańsku', 'pomorskie'),
(9945, 6, 8, 84, 'Gdańsku', 'pomorskie'),
(9956, 23, 4, 84, 'Gdańsku', 'pomorskie'),
(9958, 12, 3, 84, 'Gdańsku', 'pomorskie'),
(9961, 18, 1, 84, 'Gdańsku', 'pomorskie'),
(9962, 5, 1, 84, 'Sokółce', 'podlaskie'),
(9963, 15, 1, 85, 'Gdańsku', 'pomorskie'),
(9966, 14, 11, 84, 'Gdańsku', 'pomorskie'),
(9967, 4, 11, 84, 'Gdańsku', 'pomorskie'),
(9974, 29, 8, 84, 'Gdańsku', 'pomorskie'),
(9982, 12, 9, 84, 'Gdańsku', 'pomorskie'),
(9984, 17, 2, 84, 'Gdańsku', 'pomorskie'),
(9985, 13, 11, 84, 'Gdańsku', 'pomorskie'),
(9987, 7, 11, 84, 'Gdańsku', 'pomorskie'),
(9988, 1, 10, 84, 'Gdańsku', 'pomorskie'),
(9999, 29, 6, 84, 'Gdańsku', 'pomorskie'),
(9989, 13, 6, 84, 'Gdańsku', 'pomorskie'),
(9990, 6, 2, 84, 'Gdańsku', 'pomorskie'),
(9991, 3, 6, 84, 'Gdańsku', 'pomorskie'),
(9998, 28, 11, 84, 'Gdańsku', 'pomorskie'),
(10000, 4, 3, 84, 'Gdańsku', 'pomorskie'),
(10002, 7, 5, 84, 'Gdańsku', 'pomorskie'),
(10003, 6, 5, 84, 'Gdańsku', 'pomorskie'),
(10006, 19, 7, 84, 'Gdańsku', 'pomorskie'),
(10007, 18, 9, 84, 'Gdańsku', 'pomorskie'),
(10013, 15, 6, 84, 'Łapach', 'podlaskie'),
(10015, 25, 1, 84, 'Gdańsku', 'pomorskie'),
(10016, 28, 8, 84, 'Gdańsku', 'pomorskie'),
(10017, 11, 5, 84, 'Sopocie', 'pomorskie'),
(10018, 24, 11, 84, 'Gdańsku', 'pomorskie'),
(10019, 25, 7, 84, 'Gdańsku', 'pomorskie'),
(10020, 11, 10, 84, 'Gdańsku', 'pomorskie'),
(10021, 3, 1, 84, 'Gdańsku', 'pomorskie'),
(10022, 5, 1, 84, 'Bielsku Podlaskim', 'podlaskie'),
(10024, 5, 7, 84, 'Gdańsku', 'pomorskie'),
(10025, 4, 6, 84, 'Gdańsku', 'pomorskie'),
(10026, 10, 4, 84, 'Gdańsku', 'pomorskie'),
(10029, 9, 4, 84, 'Gdańsku', 'pomorskie'),
(10032, 7, 12, 84, 'Gdańsku', 'pomorskie'),
(10035, 15, 1, 84, 'Gdańsku', 'pomorskie'),
(10037, 11, 7, 84, 'Gdańsku', 'pomorskie'),
(10043, 29, 10, 84, 'Gdańsku', 'pomorskie'),
(10044, 21, 7, 84, 'Gdańsku', 'pomorskie'),
(10045, 1, 2, 84, 'Gdańsku', 'pomorskie'),
(10047, 13, 2, 84, 'Gdańsku', 'pomorskie'),
(10050, 2, 8, 84, 'Gdańsku', 'pomorskie'),
(10053, 29, 3, 84, 'Gdańsku', 'pomorskie'),
(10054, 15, 9, 84, 'Gdańsku', 'pomorskie'),
(10057, 1, 6, 84, 'Gdańsku', 'pomorskie'),
(10060, 30, 8, 84, 'Gdańsku', 'pomorskie'),
(10061, 13, 7, 84, 'Gdańsku', 'pomorskie'),
(10064, 10, 5, 84, 'Mońkach', 'podlaskie'),
(10067, 3, 3, 84, 'Gdańsku', 'pomorskie'),
(10068, 11, 5, 84, 'Sokółce', 'podlaskie'),
(10074, 17, 10, 84, 'Gdańsku', 'pomorskie'),
(10076, 8, 3, 84, 'Gdańsku', 'pomorskie'),
(10077, 17, 5, 84, 'Gdańsku', 'pomorskie'),
(10080, 9, 3, 84, 'Gdańsku', 'pomorskie'),
(10081, 22, 4, 84, 'Gdańsku', 'pomorskie'),
(10082, 22, 8, 84, 'Warszawie', 'mazowieckie'),
(10085, 11, 5, 84, 'Gdańsku', 'pomorskie'),
(10088, 7, 9, 84, 'Kielcach', 'świętokrzyskie'),
(10089, 6, 6, 84, 'Gdańsku', 'pomorskie'),
(10093, 1, 11, 84, 'Gdańsku', 'pomorskie'),
(10094, 12, 10, 84, 'Gdańsku', 'pomorskie'),
(10096, 12, 8, 84, 'Gdańsku', 'pomorskie'),
(10097, 29, 4, 84, 'Gdańsku', 'pomorskie'),
(10099, 19, 11, 84, 'Gdańsku', 'pomorskie'),
(10103, 21, 11, 84, 'Gdańsku', 'pomorskie'),
(10105, 7, 4, 84, 'Gdańsku', 'pomorskie'),
(10106, 3, 1, 85, 'Gdańsku', 'pomorskie'),
(10109, 10, 11, 84, 'Gdańsku', 'pomorskie'),
(10110, 7, 11, 84, 'Gdańsku', 'pomorskie'),
(10112, 30, 12, 84, 'Gdańsku', 'pomorskie'),
(10114, 15, 11, 84, 'Gdańsku', 'pomorskie'),
(10115, 23, 8, 84, 'Gdańsku', 'pomorskie'),
(10116, 5, 1, 84, 'Gdańsku', 'pomorskie'),
(10117, 30, 8, 84, 'Gdańsku', 'pomorskie'),
(10118, 7, 1, 84, 'Gdańsku', 'pomorskie'),
(10119, 26, 5, 84, 'Gdańsku', 'pomorskie'),
(10120, 9, 3, 84, 'Mońkach', 'podlaskie'),
(10132, 20, 9, 84, 'Gdańsku', 'pomorskie'),
(10133, 12, 5, 84, 'Gdańsku', 'pomorskie'),
(10140, 16, 3, 84, 'Gdańsku', 'pomorskie'),
(10142, 8, 6, 84, 'Gdańsku', 'pomorskie'),
(10238, 7, 10, 84, 'Gdańsku', 'pomorskie');

-- --------------------------------------------------------

--
-- Struktura tabeli dla tabeli `nazwiska`
--

DROP TABLE IF EXISTS `nazwiska`;
CREATE TABLE `nazwiska` (
  `id_ucz` int(11) NOT NULL,
  `nazwisko` varchar(30) DEFAULT NULL,
  `imie1` varchar(30) DEFAULT NULL,
  `imie2` varchar(30) DEFAULT NULL
) ENGINE=InnoDB DEFAULT CHARSET=utf8 COLLATE=utf8_polish_ci;

--
-- Zrzut danych tabeli `nazwiska`
--

INSERT INTO `nazwiska` (`id_ucz`, `nazwisko`, `imie1`, `imie2`) VALUES
(9201, 'Adamczuk', 'Agata', ''),
(9202, 'Adamowicz', 'Izabela', ''),
(9211, 'Bielecka', 'Anna', ''),
(9217, 'Bojanowska', 'Joanna', ''),
(9224, 'Bruszewska', 'Agnieszka', ''),
(9231, 'Chudecka', 'Dominika', ''),
(9233, 'Ciereszko', 'Agnieszka', ''),
(9234, 'Cylwik', 'Edyta', ''),
(9241, 'Dojlidko', 'Emilia', ''),
(9248, 'Fraind', 'Łukasz', ''),
(9254, 'Glebowicz', 'Aneta', ''),
(9257, 'Gołębiewska', 'Marta', ''),
(9265, 'Hryniewicz', 'Magdalena', ''),
(9291, 'Karwowska', 'Marianna', ''),
(9299, 'Kobeszko', 'Monika', ''),
(9311, 'Kozłowska', 'Agnieszka', ''),
(9327, 'Kuryga', 'Katarzyna', ''),
(9343, 'Masłowska', 'Magda', 'Anna'),
(9353, 'Milewski', 'Jakub', 'Józef'),
(9370, 'Ołdyńska', 'Eliza', ''),
(9386, 'Pogorzelska', 'Magda', ''),
(9416, 'Sawicka', 'Joanna', ''),
(9421, 'Sienkiewicz', 'Elżbieta', ''),
(9430, 'Socha', 'Anna', ''),
(9437, 'Suchocka', 'Justyna', ''),
(9457, 'Walińska', 'Małgorzata', ''),
(9473, 'Wołoszyn', 'Marta', ''),
(9478, 'Zawada', 'Kamila', ''),
(9481, 'Żakiewicz', 'Anna', ''),
(9483, 'Żemojda', 'Adam', ''),
(9486, 'Żukowska', 'Joanna', ''),
(9494, 'Linowski', 'Krzysztof', ''),
(9504, 'Bańska', 'Marianna', ''),
(9551, 'Gągoliński', 'Andrzej', ''),
(9562, 'Górski', 'Karol', 'Paweł'),
(9566, 'Halicki', 'Jan', ''),
(9567, 'Harasimczuk', 'Eliza', ''),
(9568, 'Herbuś', 'Jacek', ''),
(9575, 'Instyńska', 'Justyna', ''),
(9593, 'Kasperuk', 'Barbara', ''),
(9595, 'Kawałko', 'Eliza', ''),
(9605, 'Konopka', 'Małgorzata', ''),
(9607, 'Konopko', 'Paweł', ''),
(9611, 'Kozioł', 'Sylwia', ''),
(9614, 'Kruszewska', 'Monika', ''),
(9621, 'Kulikowska', 'Emilia', ''),
(9643, 'Małaszewicz', 'Anna', ''),
(9644, 'Mancewicz', 'Agnieszka', ''),
(9645, 'Marchelowicz', 'Michał', ''),
(9649, 'Matulewicz', 'Karolina', ''),
(9651, 'Mazurczyk', 'Urszula', ''),
(9682, 'Perkowska', 'Iwona', ''),
(9699, 'Puciłowska', 'Beata', ''),
(9705, 'Roman', 'Monika', ''),
(9708, 'Roszkowska', 'Agnieszka', ''),
(9710, 'Rutkowska', 'Manuela', ''),
(9714, 'Sacharczuk', 'Joanna', ''),
(9716, 'Sakowia', 'Alina', ''),
(9745, 'Szymańska', 'Agnieszka', ''),
(9749, 'Tomaszewska', 'Joanna', ''),
(9751, 'Tuchliński', 'Anna', ''),
(9754, 'Urban', 'Przemysław', ''),
(9770, 'Wypychowski', 'Michał', ''),
(9779, 'Zalewska', 'Aneta', ''),
(9788, 'Zientara', 'Rafał', ''),
(9802, 'Adamiuk', 'Marta', ''),
(9803, 'Jegorow', 'Krzysztof', ''),
(9804, 'Anchimiuk', 'Anna', 'Bogumiła'),
(9805, 'Andrejczuk', 'Zofia', ''),
(9806, 'Andrusiewicz', 'Agata', ''),
(9810, 'Bagińska', 'Anna', 'Anna'),
(9811, 'Bajena', 'Magdalena', ''),
(9812, 'Baranowski', 'Marceli', 'Piotr'),
(9818, 'Bieluczyk', 'Magdalena', ''),
(9819, 'Biernacka', 'Marta', ''),
(9824, 'Boguski', 'Marcin', ''),
(9825, 'Górska', 'Sylwia', ''),
(9826, 'Dworak', 'Urszula', ''),
(9829, 'Boryś', 'Dorota', ''),
(9830, 'Branicka', 'Katarzyna', ''),
(9831, 'Brzostowski', 'Dominik', ''),
(9832, 'Brzozowska', 'Agata', ''),
(9833, 'Brzozowski', 'Zdzisław', ''),
(9836, 'Choromański', 'Grzegorz', ''),
(9840, 'Cybulko', 'Paweł', ''),
(9842, 'Czajkowska', 'Katarzyna', ''),
(9844, 'Czerniawski', 'Maciej', ''),
(9845, 'Czerniawska', 'Zuzanna', ''),
(9848, 'Dąbrowska', 'Agnieszka', ''),
(9852, 'Doktór', 'Marta', ''),
(9854, 'Drabik', 'Robert', ''),
(9856, 'Duda', 'Aleksandra', ''),
(9858, 'Dudzińska', 'Iwona', ''),
(9859, 'Dworakowski', 'Maciej', ''),
(9860, 'Dziakowska', 'Marta', ''),
(9867, 'Fidziukiewicz', 'Marta', ''),
(9870, 'Ejsmont', 'Monika', ''),
(9871, 'Gawecka', 'Agnieszka', ''),
(9873, 'Gawryluk', 'Izabela', ''),
(9876, 'Gedroyæ', 'Małgorzata', 'Janina'),
(9877, 'German', 'Dariusz', ''),
(9878, 'Godlewska', 'Aleksandra', 'Karolina'),
(9883, 'Gryczon', 'Agata', ''),
(9884, 'Grygieńæ', 'Michał', 'Kamil'),
(9885, 'Gryko', 'Marta', ''),
(9887, 'Grynasz', 'Adam', ''),
(9888, 'Guziejko', 'Anita', ''),
(9889, 'Hałuszczak', 'Rafał', ''),
(9891, 'Husar', 'Urszula', ''),
(9892, 'Iwaniuk', 'Krzysztof', ''),
(9893, 'Iwaszczuk', 'Agata', ''),
(9894, 'Iwaszko', 'Paweł', ''),
(9899, 'Jarząbek', 'Katarzyna', ''),
(9901, 'Jefimiuk', 'Izabela', ''),
(9903, 'Jurak', 'Karol', ''),
(9905, 'Kalinowski', 'Tomasz', ''),
(9907, 'Kanadys', 'Monika', ''),
(9909, 'Karłuk', 'Justyna', ''),
(9910, 'Karpińska', 'Iwona', ''),
(9911, 'Karpowicz', 'Michał', ''),
(9912, 'Karwowski', 'Zenon', ''),
(9913, 'Kasprzak', 'Mariusz', ''),
(9916, 'Kirycki', 'Mateusz', ''),
(9918, 'Klima', 'Karol', 'Maciej'),
(9920, 'Kochańska', 'Ewa', ''),
(9924, 'Konończuk', 'Karolina', 'Marta'),
(9925, 'Karolczuk', 'Karina', ''),
(9928, 'Kasacki', 'Maciej', ''),
(9929, 'Kosicki', 'Paweł', ''),
(9930, 'Kostro', 'Katarzyna', ''),
(9932, 'Kowerda', 'Magdalena', ''),
(9934, 'Kozaczuk', 'Karolina', 'Anna'),
(9937, 'Kozakiewicz', 'Kamila', 'Agnieszka'),
(9940, 'Kozlowska', 'Paula', ''),
(9941, 'Krętowski', 'Piotr', ''),
(9943, 'Krupowicz', 'Tomasz', ''),
(9945, 'Kukowska', 'Katarzyna', ''),
(9956, 'Kurzątkowska', 'Zofia', ''),
(9958, 'Kużelewska', 'Aneta', ''),
(9961, 'Ledowicka', 'Anna', ''),
(9962, 'Leszczyński', 'Daruisz', ''),
(9963, 'Lewończuk', 'Jacek', ''),
(9966, 'Łapińska', 'Joanna', 'Katarzyna'),
(9967, 'Łapiński', 'Wojciech', ''),
(9974, 'Marchiel', 'Izabela', ''),
(9982, 'Mierzyński', 'Paweł', ''),
(9984, 'Mojsik', 'Ewa', ''),
(9985, 'Monieta', 'Kamil', ''),
(9987, 'Niemyńska', 'Karolina', ''),
(9988, 'Malinowska', 'Agnieszka', ''),
(9989, 'Nijaki', 'Karol', ''),
(9990, 'Nowacka', 'Agata', ''),
(9991, 'Nowik', 'Ewa', ''),
(9998, 'Olszyńska', 'Justyna', ''),
(9999, 'Nieścieruk', 'Paweł', ''),
(10000, 'Pancewicz', 'Marta', ''),
(10002, 'Perkowski', 'Andrzej', ''),
(10003, 'Perkowska', 'Agnieszka', ''),
(10006, 'Popławski', 'Marek', ''),
(10007, 'Popławski', 'Marianna', ''),
(10013, 'Puciłowski', 'Michał', 'Maria'),
(10015, 'Raczkowski', 'Tomasz', ''),
(10016, 'Radulska', 'Anna', ''),
(10017, 'Redyk', 'Ewa', ''),
(10018, 'Romaniuk', 'Błażej', 'Paweł'),
(10019, 'Roszkowska', 'Anna', ''),
(10020, 'Rozmysłowska', 'Marianna', 'Karolina'),
(10021, 'Rozwadowski', 'Jakub', ''),
(10022, 'Rudnicki', 'Jarosław', 'Maciej'),
(10024, 'Rutkowska', 'Karolina', ''),
(10025, 'Rutkowska', 'Emilia', ''),
(10026, 'Rybczyńska', 'Ilona', ''),
(10029, 'Rydzewska', 'Justyna', ''),
(10032, 'Sadowski', 'Monika', ''),
(10035, 'Semeniuk', 'Monika', ''),
(10037, 'Sienkiewicz', 'Adrianna', ''),
(10043, 'Skotnicki', 'Michał', 'Zenon'),
(10044, 'Sobolewska', 'Emilia', ''),
(10045, 'Sobolewska', 'Maciej', 'Magdalena'),
(10047, 'Spiczko', 'Katarzyna', ''),
(10050, 'Stefanowicz', 'Adam', ''),
(10053, 'Stypułkowska', 'Karolina', ''),
(10054, 'Sulewska', 'Iwona', ''),
(10057, 'Szczebiot', 'Beata', ''),
(10060, 'Szklanko', 'Irena', ''),
(10061, 'Szoka', 'Katarzyna', ''),
(10064, 'Szymański', 'Łukasz', ''),
(10067, 'Siemiończyk', 'Bartosz', ''),
(10068, 'Śledziewski', 'Piotr', 'Kamil'),
(10074, 'Talarczyk', 'Konrad', ''),
(10076, 'Toczyńska', 'Anna', ''),
(10077, 'Trajgiel', 'Diana', ''),
(10080, 'Tugeman', 'Tomasz', 'Andrzej'),
(10081, 'Tyra', 'Katarzyna', 'Magdalena'),
(10082, 'Werpachowska', 'Olga', ''),
(10085, 'Uściłowski', 'Grzegorz', ''),
(10088, 'Walesiuk', 'Adrian', ''),
(10089, 'Wasiak', 'Daniel', ''),
(10093, 'Wieczorek', 'Anna', ''),
(10094, 'Więcko', 'Katarzyna', ''),
(10096, 'Wiśniwska', 'Urszula', ''),
(10097, 'Witkowska', 'Anna', 'Maria'),
(10099, 'Wojda', 'Zenon', 'Wojciech'),
(10103, 'Wysocki', 'Grzegorz', ''),
(10105, 'Zagórecki', 'Piotr', ''),
(10106, 'Zakrzewska', 'Urszula', 'Sylwia'),
(10109, 'Zaniewska', 'Emila', ''),
(10110, 'Zaniewska', 'Anita', ''),
(10112, 'Zawadzka', 'Justyna', ''),
(10114, 'Zawadzka', 'Ewa', ''),
(10115, 'Zawadzka', 'Anna', 'Danuta'),
(10116, 'Zdrodowski', 'Wojciech', ''),
(10117, 'Zielik', 'Zofia', 'Janusz'),
(10118, 'Zieziula', 'Iwona', ''),
(10119, 'Znaczko', 'Izabela', ''),
(10120, 'Żukowska', 'Ewelina', ''),
(10132, 'Buza', 'Patrycja', ''),
(10133, 'Krętowska', 'Ewa', 'Magdalena'),
(10140, 'Rakowski', 'Łukasz', 'Jakub'),
(10142, 'Dawidowicz', 'Justyn', ''),
(10238, 'Skiepko', 'Maciej', '');

-- --------------------------------------------------------

--
-- Struktura tabeli dla tabeli `oceny`
--

DROP TABLE IF EXISTS `oceny`;
CREATE TABLE `oceny` (
  `id_ucz` int(11) DEFAULT NULL,
  `zach` varchar(30) DEFAULT NULL,
  `rel_ety` decimal(4,2) DEFAULT NULL,
  `jpol` decimal(4,2) DEFAULT NULL,
  `jang` decimal(4,2) DEFAULT NULL,
  `jniem` decimal(4,2) DEFAULT NULL,
  `mat` decimal(4,2) DEFAULT NULL,
  `his` decimal(4,2) DEFAULT NULL,
  `geo` decimal(4,2) DEFAULT NULL,
  `bio` decimal(4,2) DEFAULT NULL,
  `fiz` decimal(4,2) DEFAULT NULL,
  `che` decimal(4,2) DEFAULT NULL,
  `tech` decimal(4,2) DEFAULT NULL,
  `inf` decimal(4,2) DEFAULT NULL,
  `pla` decimal(4,2) DEFAULT NULL,
  `po` decimal(4,2) DEFAULT NULL,
  `wf` decimal(4,2) DEFAULT NULL
) ENGINE=InnoDB DEFAULT CHARSET=utf8 COLLATE=utf8_polish_ci;

--
-- Zrzut danych tabeli `oceny`
--

INSERT INTO `oceny` (`id_ucz`, `zach`, `rel_ety`, `jpol`, `jang`, `jniem`, `mat`, `his`, `geo`, `bio`, `fiz`, `che`, `tech`, `inf`, `pla`, `po`, `wf`) VALUES
(9201, 'wzorowe', '5.00', '5.00', '5.00', '5.00', '5.00', '4.00', '4.00', '4.00', '4.00', '4.00', NULL, NULL, NULL, NULL, NULL),
(9202, 'wzorowe', '5.00', '4.00', '5.00', '5.00', '5.00', '4.00', '3.00', '3.00', '4.00', '4.00', NULL, NULL, NULL, NULL, '4.00'),
(9211, 'dobre', NULL, '3.00', '5.00', '5.00', '3.00', '2.00', '3.00', '3.00', '2.00', '3.00', NULL, NULL, NULL, NULL, '3.00'),
(9217, 'wzorowe', '6.00', '4.00', '5.00', '5.00', '5.00', '5.00', '4.00', '5.00', '5.00', '4.00', NULL, NULL, NULL, NULL, '4.00'),
(9224, 'dobre', '5.00', '4.00', '4.00', '4.00', '3.00', '3.00', '3.00', '4.00', '3.00', '3.00', NULL, NULL, NULL, NULL, '4.00'),
(9231, 'poprawne', '3.00', '3.00', '5.00', '4.00', '2.00', '2.00', '4.00', '3.00', '3.00', '2.00', NULL, NULL, NULL, NULL, NULL),
(9233, 'wzorowe', '5.00', '4.00', '4.00', '4.00', '4.00', '4.00', '3.00', '4.00', '5.00', '5.00', NULL, NULL, NULL, NULL, '6.00'),
(9234, 'nieodpowiednie', '3.00', '3.00', '4.00', '5.00', '3.00', '3.00', '3.00', '3.00', '2.00', '2.00', NULL, NULL, NULL, NULL, '4.00'),
(9241, 'dobre', '4.00', '4.00', '4.00', '5.00', '4.00', '4.00', '3.00', '4.00', '3.00', '3.00', NULL, NULL, NULL, NULL, '4.00'),
(9248, 'poprawne', '3.00', '3.00', '3.00', '3.00', '2.00', '2.00', '2.00', '2.00', '2.00', '3.00', NULL, NULL, NULL, NULL, '5.00'),
(9254, 'dobre', '5.00', '3.00', '4.00', '5.00', '4.00', '3.00', '3.00', '3.00', '3.00', '4.00', NULL, NULL, NULL, NULL, '6.00'),
(9257, 'dobre', NULL, '4.00', '4.00', '4.00', '4.00', '4.00', '3.00', '4.00', '4.00', '4.00', NULL, NULL, NULL, NULL, '5.00'),
(9265, 'wzorowe', '5.00', '4.00', '5.00', '5.00', '5.00', '3.00', '4.00', '4.00', '4.00', '3.00', NULL, NULL, NULL, NULL, '6.00'),
(9291, 'dobre', '3.00', '3.00', '4.00', '4.00', '4.00', '3.00', '3.00', '3.00', '3.00', '3.00', NULL, NULL, NULL, NULL, '4.00'),
(9299, 'nieodpowiednie', '3.00', '4.00', '4.00', '3.00', '2.00', '3.00', '4.00', '3.00', '2.00', '3.00', NULL, NULL, NULL, NULL, '3.00'),
(9311, 'wzorowe', '5.00', '5.00', '5.00', '5.00', '5.00', '6.00', '5.00', '5.00', '5.00', '5.00', NULL, NULL, NULL, NULL, NULL),
(9327, 'nieodpowiednie', NULL, '3.00', '3.00', '3.00', '2.00', '2.00', '3.00', '2.00', '3.00', '2.00', NULL, NULL, NULL, NULL, NULL),
(9343, 'poprawne', '3.00', '3.00', '4.00', '3.00', '2.00', '3.00', '2.00', '3.00', '3.00', '2.00', NULL, NULL, NULL, NULL, '3.00'),
(9353, 'dobre', '3.00', '4.00', '6.00', '5.00', '4.00', '4.00', '4.00', '3.00', '3.00', '4.00', NULL, NULL, NULL, NULL, '4.00'),
(9370, 'poprawne', '3.00', '4.00', '3.00', '4.00', '2.00', '2.00', '3.00', '2.00', '2.00', '2.00', NULL, NULL, NULL, NULL, '3.00'),
(9386, 'wzorowe', '5.00', '4.00', '4.00', '5.00', '5.00', '4.00', '4.00', '5.00', '4.00', '4.00', NULL, NULL, NULL, NULL, NULL),
(9416, 'dobre', '4.00', '4.00', '4.00', '5.00', '3.00', '3.00', '4.00', '4.00', '4.00', '4.00', NULL, NULL, NULL, NULL, NULL),
(9421, 'wzorowe', '5.00', '4.00', '5.00', '5.00', '4.00', '5.00', '4.00', '5.00', '4.00', '5.00', NULL, NULL, NULL, NULL, '4.00'),
(9430, 'wzorowe', '5.00', '4.00', '5.00', '5.00', '5.00', '6.00', '4.00', '5.00', '5.00', '4.00', NULL, NULL, NULL, NULL, '4.00'),
(9437, 'dobre', '5.00', '4.00', '4.00', '4.00', '2.00', '4.00', '3.00', '2.00', '3.00', '3.00', NULL, NULL, NULL, NULL, '4.00'),
(9457, 'dobre', '5.00', '3.00', '5.00', '4.00', '3.00', '3.00', '3.00', '2.00', '3.00', '4.00', NULL, NULL, NULL, NULL, '4.00'),
(9473, 'dobre', '5.00', '4.00', '5.00', '5.00', '4.00', '3.00', '4.00', '4.00', '3.00', '4.00', NULL, NULL, NULL, NULL, '4.00'),
(9478, 'dobre', '3.00', '4.00', '6.00', '5.00', '3.00', '3.00', '4.00', '4.00', '3.00', '4.00', NULL, NULL, NULL, NULL, '4.00'),
(9481, 'dobre', '4.00', '3.00', '3.00', '4.00', '4.00', '2.00', '2.00', '4.00', '3.00', '4.00', NULL, NULL, NULL, NULL, '4.00'),
(9483, 'poprawne', '3.00', '3.00', '4.00', '3.00', '2.00', '2.00', '2.00', '2.00', '2.00', '2.00', NULL, NULL, NULL, NULL, '5.00'),
(9486, 'wzorowe', '5.00', '5.00', '5.00', '5.00', '5.00', '5.00', '3.00', '4.00', '4.00', '4.00', NULL, NULL, NULL, NULL, '5.00'),
(9494, 'wzorowe', '4.00', '4.00', '6.00', '5.00', '3.00', '4.00', '4.00', '4.00', '3.00', '4.00', NULL, NULL, NULL, NULL, '4.00'),
(9504, 'wzorowe', '5.00', '4.00', '4.00', '5.00', '2.00', '3.00', '4.00', '4.00', '3.00', '2.00', '5.00', NULL, '6.00', '3.00', '4.00'),
(9551, 'dobre', NULL, '3.00', '3.00', '2.00', '2.00', '3.00', '3.00', '3.00', '2.00', '2.00', NULL, '5.00', NULL, '5.00', '3.00'),
(9562, 'dobre', '4.00', '3.00', '4.00', '4.00', '3.00', '3.00', '3.00', '3.00', '3.00', '3.00', NULL, '5.00', NULL, '5.00', '4.00'),
(9566, 'dobre', '4.00', '5.00', '6.00', '4.00', '4.00', '5.00', '4.00', '4.00', '5.00', '4.00', NULL, '5.00', NULL, '5.00', NULL),
(9567, 'dobre', '4.00', '4.00', '4.00', '2.00', '2.00', '3.00', '3.00', '3.00', '3.00', '2.00', NULL, '5.00', NULL, '5.00', '4.00'),
(9568, 'dobre', '4.00', '3.00', '3.00', '3.00', '2.00', '3.00', '3.00', '3.00', '3.00', '4.00', NULL, '5.00', NULL, '5.00', '6.00'),
(9575, 'dobre', '4.00', '4.00', '4.00', '4.00', '3.00', '3.00', '4.00', '3.00', '2.00', '3.00', NULL, '4.00', NULL, '5.00', '4.00'),
(9593, 'poprawne', '4.00', '2.00', '3.00', '4.00', '2.00', '2.00', '3.00', '3.00', '4.00', '3.00', NULL, '3.00', NULL, '5.00', '3.00'),
(9595, 'dobre', '6.00', '4.00', '5.00', '3.00', '3.00', '3.00', '4.00', '4.00', '3.00', '4.00', NULL, '5.00', NULL, '5.00', '4.00'),
(9605, 'dobre', '5.00', '3.00', '4.00', '4.00', '3.00', '2.00', '3.00', '3.00', '3.00', '3.00', NULL, '4.00', NULL, '5.00', '4.00'),
(9607, 'dobre', '3.00', '3.00', '3.00', '2.00', '2.00', '4.00', '3.00', '3.00', '3.00', '3.00', NULL, '5.00', NULL, '5.00', '4.00'),
(9611, 'dobre', '3.00', '3.00', '4.00', '3.00', '2.00', '2.00', '2.00', '4.00', '3.00', '2.00', NULL, '5.00', NULL, '5.00', '3.00'),
(9614, 'dobre', '4.00', '4.00', '5.00', '3.00', '4.00', '3.00', '3.00', '3.00', '3.00', '4.00', NULL, '5.00', NULL, '5.00', '5.00'),
(9621, 'dobre', '4.00', '3.00', '4.00', '4.00', '3.00', '3.00', '2.00', '3.00', '3.00', '3.00', NULL, '5.00', NULL, '5.00', '4.00'),
(9643, 'wzorowe', '5.00', '4.00', '5.00', '4.00', '3.00', '3.00', '4.00', '4.00', '3.00', '3.00', NULL, '5.00', NULL, '5.00', '6.00'),
(9644, 'dobre', NULL, '2.00', '2.00', '2.00', '2.00', '2.00', '2.00', '3.00', '3.00', '2.00', NULL, '4.00', NULL, '5.00', '3.00'),
(9645, 'dobre', '3.00', '3.00', '3.00', '3.00', '3.00', '2.00', '3.00', '3.00', '3.00', '3.00', NULL, '5.00', NULL, '5.00', '5.00'),
(9649, 'dobre', '4.00', '4.00', '5.00', '4.00', '3.00', '3.00', '4.00', '4.00', '3.00', '3.00', NULL, '5.00', NULL, '5.00', '3.00'),
(9651, 'wzorowe', '5.00', '5.00', '5.00', '5.00', '5.00', '5.00', '5.00', '5.00', '3.00', '4.00', NULL, '5.00', NULL, '5.00', '4.00'),
(9682, 'poprawne', '4.00', '2.00', '3.00', '3.00', '3.00', '3.00', '2.00', '4.00', '3.00', '3.00', NULL, '3.00', NULL, '5.00', '4.00'),
(9699, 'dobre', '5.00', '3.00', '4.00', '4.00', '4.00', '3.00', '4.00', '4.00', '3.00', '3.00', NULL, '5.00', NULL, '5.00', '5.00'),
(9705, 'dobre', '5.00', '3.00', '5.00', '4.00', '4.00', '4.00', '4.00', '4.00', '3.00', '3.00', NULL, '5.00', NULL, '5.00', NULL),
(9708, 'wzorowe', '5.00', '4.00', '5.00', '5.00', '4.00', '4.00', '4.00', '4.00', '3.00', '4.00', NULL, '5.00', NULL, '5.00', '5.00'),
(9710, 'wzorowe', '5.00', '5.00', '6.00', '5.00', '3.00', '4.00', '5.00', '4.00', '3.00', '5.00', NULL, '5.00', NULL, '5.00', NULL),
(9714, 'wzorowe', '6.00', '5.00', '4.00', '4.00', '4.00', '4.00', '4.00', '5.00', '3.00', '4.00', NULL, '5.00', NULL, '5.00', '6.00'),
(9716, 'dobre', '6.00', '3.00', '4.00', '5.00', '3.00', '4.00', '4.00', '4.00', '3.00', '3.00', NULL, '5.00', NULL, '5.00', '4.00'),
(9745, 'dobre', '4.00', '4.00', '3.00', '3.00', '2.00', '3.00', '2.00', '3.00', '3.00', '3.00', NULL, '4.00', NULL, '5.00', NULL),
(9749, 'dobre', '6.00', '3.00', '4.00', '3.00', '2.00', '3.00', '3.00', '3.00', '3.00', '4.00', NULL, '4.00', NULL, '5.00', '3.00'),
(9751, 'wzorowe', '5.00', '4.00', '4.00', '5.00', '4.00', '4.00', '5.00', '5.00', '3.00', '4.00', NULL, '5.00', NULL, '5.00', NULL),
(9754, 'dobre', '4.00', '4.00', '4.00', '4.00', '3.00', '3.00', '3.00', '3.00', '3.00', '4.00', NULL, '5.00', NULL, '5.00', NULL),
(9770, 'dobre', '3.00', '2.00', '4.00', '3.00', '2.00', '3.00', '3.00', '3.00', '3.00', '4.00', NULL, '5.00', NULL, '5.00', '5.00'),
(9779, 'dobre', '3.00', '2.00', '4.00', '4.00', '3.00', '3.00', '4.00', '3.00', '3.00', '3.00', NULL, '3.00', NULL, '5.00', '4.00'),
(9788, 'dobre', '5.00', '2.00', '3.00', '3.00', '2.00', '3.00', '3.00', '3.00', '3.00', '3.00', NULL, '5.00', NULL, '5.00', '4.00'),
(9802, 'poprawne', '3.00', '4.00', '4.00', '3.00', '2.00', '2.00', '2.00', '2.00', '2.00', '3.00', NULL, NULL, NULL, NULL, '3.00'),
(9803, 'wzorowe', '5.00', '5.00', '5.00', '6.00', '5.00', '5.00', '5.00', '4.00', '5.00', '5.00', '6.00', NULL, '5.00', '5.00', '5.00'),
(9804, 'wzorowe', '5.00', '4.00', '4.00', '4.00', '4.00', '4.00', '4.00', '4.00', '4.00', '4.00', '4.00', NULL, '5.00', '4.00', '4.00'),
(9805, 'wzorowe', '6.00', '4.00', '4.00', '4.00', '4.00', '5.00', '4.00', '3.00', '3.00', '3.00', '6.00', NULL, '6.00', '4.00', NULL),
(9806, 'dobre', NULL, '4.00', '4.00', '4.00', '2.00', '4.00', '3.00', '4.00', '3.00', '3.00', '5.00', NULL, '5.00', '5.00', NULL),
(9810, 'wzorowe', '5.00', '4.00', '3.00', '4.00', '3.00', '4.00', '4.00', '4.00', '4.00', '4.00', '4.00', NULL, '5.00', '4.00', '6.00'),
(9811, 'wzorowe', '6.00', '4.00', '3.00', '3.00', '3.00', '3.00', '4.00', '4.00', '3.00', '3.00', '5.00', NULL, '5.00', '3.00', '4.00'),
(9812, 'dobre', '5.00', '2.00', '3.00', '3.00', '3.00', '3.00', '2.00', '3.00', '3.00', '3.00', '4.00', NULL, '4.00', '3.00', NULL),
(9818, 'wzorowe', '5.00', '5.00', '5.00', '5.00', '4.00', '5.00', '3.00', '4.00', '4.00', '4.00', '5.00', NULL, '5.00', '4.00', '4.00'),
(9819, 'dobre', '3.00', '4.00', '4.00', '4.00', '3.00', '3.00', '3.00', '3.00', '3.00', '3.00', '4.00', NULL, '5.00', '4.00', '6.00'),
(9824, 'wzorowe', '4.00', '3.00', '5.00', '3.00', '3.00', '5.00', '3.00', '4.00', '4.00', '4.00', '5.00', NULL, '5.00', '4.00', '4.00'),
(9825, 'dobre', '4.00', '3.00', '4.00', '3.00', '4.00', '3.00', '3.00', '3.00', '3.00', '4.00', '5.00', NULL, '5.00', '3.00', '4.00'),
(9826, 'dobre', '4.00', '3.00', '3.00', '2.00', '2.00', '3.00', '3.00', '2.00', '3.00', '3.00', '4.00', NULL, '5.00', '2.00', NULL),
(9829, 'wzorowe', '4.00', '4.00', '4.00', '4.00', '4.00', '5.00', '4.00', '3.00', '5.00', '5.00', '5.00', NULL, '6.00', '4.00', '4.00'),
(9830, 'wzorowe', '5.00', '4.00', '5.00', '5.00', '4.00', '5.00', '5.00', '5.00', '4.00', '4.00', '6.00', NULL, '6.00', '5.00', NULL),
(9831, 'wzorowe', '4.00', '4.00', '4.00', '3.00', '3.00', '4.00', '5.00', '3.00', '4.00', '4.00', '5.00', NULL, '5.00', '4.00', NULL),
(9832, 'dobre', '5.00', '3.00', '2.00', '3.00', '3.00', '2.00', '3.00', '2.00', '2.00', '3.00', '3.00', NULL, '4.00', '4.00', NULL),
(9833, 'wzorowe', '4.00', '5.00', '5.00', '5.00', '4.00', '5.00', '5.00', '4.00', '5.00', '5.00', '6.00', NULL, '6.00', '5.00', '5.00'),
(9836, 'dobre', '5.00', '3.00', '4.00', '3.00', '4.00', '3.00', '4.00', '4.00', '4.00', '4.00', '4.00', NULL, '4.00', '2.00', '4.00'),
(9840, 'wzorowe', '4.00', '4.00', '5.00', '6.00', '4.00', '5.00', '5.00', '4.00', '5.00', '5.00', '6.00', NULL, '6.00', '5.00', '4.00'),
(9842, 'dobre', '5.00', '3.00', '3.00', '3.00', '2.00', '3.00', '3.00', '2.00', '2.00', '2.00', '3.00', NULL, '4.00', '3.00', NULL),
(9844, 'poprawne', '3.00', '3.00', '3.00', '2.00', '3.00', '3.00', '3.00', '3.00', '3.00', '2.00', '4.00', NULL, '4.00', '2.00', '4.00'),
(9845, 'wzorowe', '5.00', '5.00', '5.00', '5.00', '5.00', '5.00', '5.00', '4.00', '5.00', '5.00', '6.00', NULL, '6.00', '4.00', '4.00'),
(9848, 'dobre', '5.00', '4.00', '2.00', '4.00', '2.00', '2.00', '2.00', '3.00', '2.00', '3.00', '4.00', NULL, '5.00', '2.00', '3.00'),
(9852, 'wzorowe', '5.00', '5.00', '5.00', '5.00', '4.00', '5.00', '4.00', '4.00', '4.00', '5.00', '5.00', NULL, '6.00', '4.00', '3.00'),
(9854, 'dobre', '4.00', '3.00', '4.00', '4.00', '3.00', '4.00', '3.00', '3.00', '3.00', '3.00', '5.00', NULL, '4.00', '4.00', '5.00'),
(9856, 'wzorowe', '6.00', '5.00', '5.00', '5.00', '4.00', '5.00', '5.00', '4.00', '5.00', '5.00', '5.00', NULL, '6.00', '5.00', '4.00'),
(9858, 'wzorowe', '5.00', '5.00', '5.00', '6.00', '4.00', '5.00', '5.00', '4.00', '4.00', '4.00', '6.00', NULL, '6.00', '4.00', '4.00'),
(9859, 'dobre', '4.00', '3.00', '3.00', '4.00', '3.00', '4.00', '3.00', '3.00', '4.00', '4.00', '5.00', NULL, '5.00', '4.00', '5.00'),
(9860, 'wzorowe', '5.00', '4.00', '4.00', '4.00', '4.00', '5.00', '4.00', '4.00', '3.00', '3.00', '6.00', NULL, '6.00', '4.00', '4.00'),
(9867, 'dobre', '4.00', '4.00', '4.00', '3.00', '3.00', '4.00', '4.00', '3.00', '4.00', '4.00', '4.00', NULL, '5.00', '3.00', '5.00'),
(9870, 'wzorowe', '5.00', '3.00', '4.00', '4.00', '3.00', '4.00', '4.00', '3.00', '3.00', '3.00', '6.00', NULL, '5.00', '5.00', '6.00'),
(9871, 'dobre', '5.00', '4.00', '5.00', '6.00', '4.00', '4.00', '4.00', '3.00', '4.00', '4.00', '5.00', NULL, '5.00', '5.00', '4.00'),
(9873, 'wzorowe', '6.00', '4.00', '5.00', '5.00', '5.00', '3.00', '4.00', '4.00', '4.00', '5.00', '6.00', NULL, '6.00', '4.00', NULL),
(9876, 'dobre', '4.00', '3.00', '3.00', '2.00', '2.00', '3.00', '3.00', '2.00', '3.00', '2.00', '4.00', NULL, '4.00', '3.00', '3.00'),
(9877, 'wzorowe', '5.00', '3.00', '4.00', '3.00', '3.00', '3.00', '3.00', '3.00', '3.00', '5.00', '4.00', NULL, '5.00', '4.00', '5.00'),
(9878, 'wzorowe', '6.00', '4.00', '5.00', '4.00', '4.00', '3.00', '5.00', '4.00', '4.00', '5.00', '5.00', NULL, '5.00', '4.00', '6.00'),
(9883, 'dobre', '5.00', '4.00', '4.00', '3.00', '3.00', '2.00', '3.00', '3.00', '2.00', '3.00', '4.00', NULL, '4.00', '4.00', '3.00'),
(9884, 'dobre', '5.00', '3.00', '3.00', '3.00', '4.00', '3.00', '5.00', '4.00', '4.00', '3.00', '4.00', NULL, '4.00', '3.00', '4.00'),
(9885, 'dobre', '5.00', '4.00', '4.00', '4.00', '3.00', '3.00', '3.00', '3.00', '3.00', '3.00', '3.00', NULL, '4.00', '4.00', '4.00'),
(9887, 'dobre', '5.00', '4.00', '3.00', '3.00', '3.00', '4.00', '4.00', '3.00', '3.00', '3.00', '4.00', NULL, '5.00', '3.00', '5.00'),
(9888, 'wzorowe', '6.00', '4.00', '4.00', '5.00', '4.00', '4.00', '5.00', '4.00', '5.00', '5.00', '5.00', NULL, '5.00', '4.00', '4.00'),
(9889, 'wzorowe', '6.00', '4.00', '4.00', '4.00', '4.00', '4.00', '5.00', '4.00', '4.00', '3.00', '5.00', NULL, '6.00', '3.00', '5.00'),
(9891, 'wzorowe', '6.00', '5.00', '4.00', '4.00', '3.00', '5.00', '4.00', '3.00', '4.00', '5.00', '5.00', NULL, '6.00', '4.00', '4.00'),
(9892, 'dobre', '5.00', '3.00', '3.00', '2.00', '3.00', '3.00', '4.00', '3.00', '3.00', '3.00', '5.00', NULL, '5.00', '4.00', '4.00'),
(9893, 'wzorowe', '5.00', '3.00', '4.00', '4.00', '3.00', '3.00', '4.00', '4.00', '3.00', '3.00', '5.00', NULL, '6.00', '5.00', '5.00'),
(9894, 'wzorowe', '6.00', '4.00', '4.00', '5.00', '3.00', '4.00', '5.00', '3.00', '3.00', '4.00', '4.00', NULL, '6.00', '4.00', '4.00'),
(9899, 'dobre', '5.00', '3.00', '4.00', '5.00', '4.00', '3.00', '5.00', '4.00', '4.00', '3.00', '6.00', NULL, '5.00', '4.00', '4.00'),
(9901, 'dobre', '6.00', '4.00', '2.00', '3.00', '3.00', '4.00', '3.00', '5.00', '3.00', '3.00', '4.00', NULL, '4.00', '3.00', '3.00'),
(9903, 'dobre', '5.00', '3.00', '3.00', '2.00', '4.00', '3.00', '4.00', '3.00', '4.00', '3.00', '4.00', NULL, '4.00', '3.00', '5.00'),
(9905, 'dobre', '5.00', '4.00', '4.00', '5.00', '3.00', '5.00', '4.00', '3.00', '4.00', '4.00', '5.00', NULL, '5.00', '5.00', '5.00'),
(9907, 'wzorowe', '6.00', '3.00', '4.00', '4.00', '4.00', '3.00', '4.00', '3.00', '3.00', '4.00', '5.00', NULL, '6.00', '4.00', '4.00'),
(9909, 'wzorowe', '5.00', '4.00', '4.00', '4.00', '3.00', '5.00', '4.00', '3.00', '4.00', '4.00', '5.00', NULL, '5.00', '5.00', '4.00'),
(9910, 'wzorowe', '4.00', '4.00', '4.00', '5.00', '4.00', '4.00', '4.00', '3.00', '4.00', '4.00', '4.00', NULL, '5.00', '5.00', '6.00'),
(9911, 'dobre', '3.00', '3.00', '4.00', '3.00', '3.00', '4.00', '4.00', '3.00', '3.00', '3.00', '4.00', NULL, '4.00', '4.00', '4.00'),
(9912, 'wzorowe', '5.00', '4.00', '4.00', '5.00', '4.00', '3.00', '4.00', '4.00', '4.00', '4.00', '5.00', NULL, '5.00', '4.00', '4.00'),
(9913, 'wzorowe', '4.00', '4.00', '3.00', '3.00', '3.00', '3.00', '4.00', '3.00', '3.00', '3.00', '4.00', NULL, '6.00', '4.00', '5.00'),
(9916, 'poprawne', '3.00', '3.00', '4.00', '4.00', '3.00', '4.00', '3.00', '3.00', '4.00', '3.00', '5.00', NULL, '5.00', '4.00', '4.00'),
(9918, 'dobre', '3.00', '3.00', '4.00', '5.00', '3.00', '4.00', '5.00', '3.00', '3.00', '3.00', '5.00', NULL, '5.00', '3.00', '4.00'),
(9920, 'wzorowe', '5.00', '5.00', '6.00', '6.00', '4.00', '5.00', '5.00', '5.00', '5.00', '6.00', '6.00', NULL, '6.00', '5.00', '4.00'),
(9924, 'dobre', '5.00', '4.00', '4.00', '4.00', '3.00', '4.00', '5.00', '4.00', '3.00', '3.00', '5.00', NULL, '6.00', '4.00', '5.00'),
(9925, 'wzorowe', '5.00', '5.00', '5.00', '4.00', '4.00', '4.00', '3.00', '4.00', '3.00', '4.00', '5.00', NULL, '5.00', '4.00', '4.00'),
(9928, 'poprawne', '5.00', '3.00', '3.00', '2.00', '3.00', '4.00', '3.00', '3.00', '3.00', '4.00', '4.00', NULL, '6.00', '4.00', '4.00'),
(9929, 'dobre', '6.00', '3.00', '3.00', '3.00', '3.00', '3.00', '5.00', '4.00', '3.00', '2.00', '4.00', NULL, '5.00', '3.00', '4.00'),
(9930, 'dobre', '5.00', '4.00', '4.00', '3.00', '4.00', '3.00', '3.00', '3.00', '3.00', '3.00', '4.00', NULL, '6.00', '3.00', '4.00'),
(9932, 'dobre', '5.00', '4.00', '3.00', '5.00', '2.00', '4.00', '4.00', '4.00', '3.00', '3.00', '5.00', NULL, '6.00', '5.00', NULL),
(9934, 'dobre', '6.00', '4.00', '2.00', '2.00', '3.00', '4.00', '5.00', '3.00', '3.00', '3.00', '4.00', NULL, '6.00', '3.00', '3.00'),
(9937, 'dobre', '5.00', '3.00', '4.00', '5.00', '3.00', '3.00', '5.00', '4.00', '4.00', '3.00', '4.00', NULL, '6.00', '4.00', '4.00'),
(9940, 'poprawne', '5.00', '3.00', '4.00', '4.00', '3.00', '3.00', '5.00', '3.00', '3.00', '3.00', '4.00', NULL, '5.00', '3.00', '4.00'),
(9941, 'wzorowe', '4.00', '5.00', '5.00', '5.00', '3.00', '5.00', '5.00', '4.00', '4.00', '5.00', '6.00', NULL, '6.00', '4.00', NULL),
(9943, 'dobre', '5.00', '4.00', '4.00', '3.00', '4.00', '4.00', '4.00', '3.00', '3.00', '5.00', '5.00', NULL, '5.00', '5.00', '5.00'),
(9945, 'wzorowe', '5.00', '5.00', '6.00', '5.00', '5.00', '5.00', '5.00', '5.00', '5.00', '6.00', '6.00', NULL, '6.00', '5.00', '4.00'),
(9956, 'wzorowe', '5.00', '4.00', '5.00', '4.00', '4.00', '4.00', '3.00', '3.00', '3.00', '4.00', '5.00', NULL, '5.00', '4.00', '3.00'),
(9958, 'dobre', '5.00', '4.00', '4.00', '4.00', '3.00', '4.00', '3.00', '4.00', '4.00', '4.00', '5.00', NULL, '5.00', '3.00', '5.00'),
(9961, 'wzorowe', '6.00', '5.00', '5.00', '5.00', '4.00', '5.00', '3.00', '4.00', '4.00', '4.00', '5.00', NULL, '5.00', '4.00', '5.00'),
(9962, 'dobre', '5.00', '2.00', '3.00', '2.00', '3.00', '4.00', '3.00', '2.00', '2.00', '3.00', '5.00', NULL, '5.00', '3.00', '4.00'),
(9963, 'wzorowe', '5.00', '3.00', '3.00', '5.00', '4.00', '3.00', '4.00', '3.00', '3.00', '4.00', '5.00', NULL, '5.00', '4.00', '4.00'),
(9966, 'dobre', NULL, '3.00', '3.00', '2.00', '2.00', '3.00', '3.00', '3.00', '3.00', '2.00', '5.00', NULL, '6.00', '4.00', '4.00'),
(9967, 'dobre', NULL, '3.00', '3.00', '2.00', '3.00', '2.00', '3.00', '3.00', '3.00', '3.00', '4.00', NULL, '4.00', '3.00', '4.00'),
(9974, 'dobre', '5.00', '5.00', '5.00', '4.00', '4.00', '5.00', '5.00', '4.00', '4.00', '4.00', '5.00', NULL, '6.00', '5.00', '4.00'),
(9982, 'dobre', '4.00', '4.00', '4.00', '3.00', '3.00', '3.00', '4.00', '3.00', '3.00', '3.00', '5.00', NULL, '5.00', '4.00', '5.00'),
(9984, 'wzorowe', '5.00', '4.00', '4.00', '3.00', '4.00', '3.00', '4.00', '4.00', '4.00', '4.00', '6.00', NULL, '6.00', '5.00', '5.00'),
(9985, 'dobre', '5.00', '3.00', '4.00', '3.00', '3.00', '4.00', '4.00', '3.00', '3.00', '3.00', '4.00', NULL, '4.00', '3.00', '4.00'),
(9987, 'dobre', '5.00', '4.00', '4.00', '4.00', '3.00', '4.00', '3.00', '4.00', '3.00', '3.00', '4.00', NULL, '5.00', '3.00', NULL),
(9988, 'dobre', '6.00', '3.00', '4.00', '3.00', '3.00', '3.00', '3.00', '3.00', '3.00', '3.00', '5.00', NULL, '6.00', '4.00', '3.00'),
(9999, 'poprawne', '3.00', '2.00', '2.00', '2.00', '2.00', '2.00', '2.00', '2.00', '2.00', '3.00', '4.00', NULL, '4.00', '2.00', '4.00'),
(9989, 'dobre', '5.00', '3.00', '3.00', '2.00', '3.00', '3.00', '4.00', '4.00', '4.00', '4.00', '3.00', NULL, '4.00', '3.00', '3.00'),
(9990, 'wzorowe', '6.00', '5.00', '5.00', '5.00', '4.00', '5.00', '5.00', '4.00', '5.00', '5.00', '6.00', NULL, '6.00', '5.00', NULL),
(9991, 'dobre', '5.00', '3.00', '4.00', '2.00', '3.00', '3.00', '3.00', '3.00', '3.00', '3.00', '5.00', NULL, '6.00', '3.00', '5.00'),
(9998, 'wzorowe', '4.00', '4.00', '4.00', '5.00', '3.00', '4.00', '4.00', '3.00', '5.00', '5.00', '5.00', NULL, '6.00', '3.00', '5.00'),
(10000, 'dobre', '5.00', '4.00', '4.00', '3.00', '4.00', '3.00', '3.00', '3.00', '3.00', '3.00', '4.00', NULL, '5.00', '3.00', '4.00'),
(10002, 'wzorowe', '5.00', '5.00', '5.00', '3.00', '4.00', '4.00', '5.00', '3.00', '4.00', '3.00', '6.00', NULL, '6.00', '3.00', '4.00'),
(10003, 'dobre', '5.00', '4.00', '3.00', '3.00', '5.00', '4.00', '4.00', '4.00', '5.00', '3.00', '5.00', NULL, '6.00', '4.00', '3.00'),
(10006, 'wzorowe', '5.00', '4.00', '5.00', '3.00', '3.00', '4.00', '3.00', '3.00', '3.00', '4.00', '5.00', NULL, '4.00', '4.00', '5.00'),
(10007, 'wzorowe', '5.00', '5.00', '5.00', '5.00', '5.00', '5.00', '4.00', '4.00', '5.00', '5.00', '5.00', NULL, '5.00', '5.00', '4.00'),
(10013, 'wzorowe', '5.00', '3.00', '3.00', '4.00', '4.00', '4.00', '4.00', '4.00', '4.00', '3.00', '5.00', NULL, '5.00', '4.00', '5.00'),
(10015, 'dobre', '5.00', '4.00', '4.00', '4.00', '4.00', '4.00', '4.00', '4.00', '4.00', '4.00', '5.00', NULL, '5.00', '4.00', '5.00'),
(10016, 'dobre', '6.00', '3.00', '3.00', '4.00', '3.00', '3.00', '3.00', '3.00', '2.00', '3.00', '5.00', NULL, '6.00', '4.00', '5.00'),
(10017, 'dobre', '6.00', '3.00', '3.00', '3.00', '2.00', '3.00', '5.00', '3.00', '3.00', '2.00', '4.00', NULL, '5.00', '3.00', '4.00'),
(10018, 'wzorowe', '4.00', '3.00', '3.00', '4.00', '3.00', '4.00', '5.00', '3.00', '5.00', '5.00', '5.00', NULL, '6.00', '4.00', '4.00'),
(10019, 'dobre', '6.00', '4.00', '3.00', '3.00', '3.00', '3.00', '5.00', '4.00', '3.00', '2.00', '5.00', NULL, '5.00', '3.00', '5.00'),
(10020, 'wzorowe', '5.00', '4.00', '4.00', '5.00', '4.00', '3.00', '4.00', '3.00', '4.00', '4.00', '5.00', NULL, '6.00', '5.00', '3.00'),
(10021, 'wzorowe', '5.00', '5.00', '4.00', '3.00', '4.00', '3.00', '3.00', '4.00', '4.00', '5.00', '6.00', NULL, '5.00', '4.00', '4.00'),
(10022, 'wzorowe', NULL, '4.00', '3.00', '4.00', '3.00', '5.00', '4.00', '3.00', '5.00', '4.00', '6.00', NULL, '6.00', '4.00', '4.00'),
(10024, 'wzorowe', '6.00', '4.00', '5.00', '4.00', '5.00', '3.00', '4.00', '4.00', '3.00', '4.00', '4.00', NULL, '5.00', '4.00', '5.00'),
(10025, 'wzorowe', '6.00', '5.00', '5.00', '4.00', '5.00', '5.00', '4.00', '4.00', '4.00', '5.00', '5.00', NULL, '5.00', '4.00', '5.00'),
(10026, 'dobre', '6.00', '4.00', '3.00', '3.00', '4.00', '3.00', '3.00', '4.00', '3.00', '3.00', '5.00', NULL, '5.00', '4.00', '4.00'),
(10029, 'wzorowe', '5.00', '4.00', '5.00', '5.00', '4.00', '3.00', '5.00', '4.00', '4.00', '5.00', '5.00', NULL, '6.00', '4.00', '5.00'),
(10032, 'wzorowe', '5.00', '4.00', '4.00', '3.00', '4.00', '3.00', '3.00', '5.00', '3.00', '3.00', '4.00', NULL, '6.00', '4.00', '4.00'),
(10035, 'wzorowe', '5.00', '4.00', '3.00', '5.00', '4.00', '5.00', '4.00', '3.00', '4.00', '4.00', '5.00', NULL, '6.00', '4.00', NULL),
(10037, 'wzorowe', '5.00', '4.00', '5.00', '5.00', '3.00', '3.00', '3.00', '4.00', '3.00', '3.00', '5.00', NULL, '5.00', '4.00', '3.00'),
(10043, 'dobre', '4.00', '3.00', '4.00', '5.00', '4.00', '4.00', '3.00', '5.00', '5.00', '4.00', '5.00', NULL, '4.00', '4.00', '5.00'),
(10044, 'wzorowe', '5.00', '3.00', '6.00', '5.00', '4.00', '3.00', '5.00', '3.00', '4.00', '4.00', '5.00', NULL, '5.00', '4.00', '3.00'),
(10045, 'dobre', '5.00', '3.00', '3.00', '2.00', '3.00', '4.00', '3.00', '3.00', '3.00', '3.00', '4.00', NULL, '4.00', '4.00', '3.00'),
(10047, 'wzorowe', '5.00', '4.00', '5.00', '3.00', '3.00', '3.00', '3.00', '3.00', '3.00', '4.00', '5.00', NULL, '6.00', '4.00', '3.00'),
(10050, 'dobre', '5.00', '4.00', '3.00', '3.00', '4.00', '4.00', '4.00', '4.00', '4.00', '5.00', '5.00', NULL, '5.00', '4.00', '4.00'),
(10053, 'dobre', '5.00', '4.00', '2.00', '2.00', '4.00', '2.00', '3.00', '3.00', '2.00', '3.00', '4.00', NULL, '5.00', '3.00', '3.00'),
(10054, 'dobre', '5.00', '3.00', '3.00', '3.00', '3.00', '3.00', '4.00', '4.00', '4.00', '3.00', '5.00', NULL, '6.00', '4.00', '4.00'),
(10057, 'wzorowe', '6.00', '5.00', '4.00', '4.00', '4.00', '3.00', '3.00', '4.00', '4.00', '5.00', '5.00', NULL, '5.00', '3.00', '5.00'),
(10060, 'dobre', '5.00', '3.00', '4.00', '4.00', '4.00', '3.00', '4.00', '4.00', '4.00', '3.00', '5.00', NULL, '5.00', '3.00', NULL),
(10061, 'wzorowe', '5.00', '4.00', '5.00', '5.00', '5.00', '5.00', '4.00', '4.00', '5.00', '5.00', '5.00', NULL, '5.00', '4.00', '4.00'),
(10064, 'wzorowe', '5.00', '4.00', '3.00', '4.00', '5.00', '4.00', '5.00', '5.00', '3.00', '4.00', '5.00', NULL, '5.00', '3.00', '4.00'),
(10067, 'dobre', '4.00', '3.00', '4.00', '5.00', '2.00', '3.00', '3.00', '2.00', '2.00', '2.00', '4.00', NULL, '5.00', '3.00', '3.00'),
(10068, 'wzorowe', '5.00', '4.00', '5.00', '5.00', '4.00', '3.00', '4.00', '3.00', '3.00', '4.00', '4.00', NULL, '5.00', '4.00', '4.00'),
(10074, 'wzorowe', '5.00', '5.00', '4.00', '4.00', '4.00', '4.00', '4.00', '4.00', '4.00', '5.00', '5.00', NULL, '5.00', '4.00', NULL),
(10076, 'wzorowe', '5.00', '4.00', '3.00', '3.00', '4.00', '4.00', '3.00', '3.00', '3.00', '3.00', '5.00', NULL, '5.00', '4.00', '4.00'),
(10077, 'wzorowe', '5.00', '3.00', '5.00', '4.00', '3.00', '3.00', '3.00', '3.00', '3.00', '3.00', '5.00', NULL, '5.00', '4.00', '4.00'),
(10080, 'wzorowe', '5.00', '3.00', '5.00', '4.00', '3.00', '3.00', '3.00', '4.00', '3.00', '3.00', '5.00', NULL, '5.00', '4.00', '4.00'),
(10081, 'wzorowe', '5.00', '3.00', '3.00', '3.00', '4.00', '3.00', '3.00', '3.00', '3.00', '5.00', '6.00', NULL, '6.00', '4.00', '4.00'),
(10082, 'dobre', '5.00', '4.00', '3.00', '3.00', '3.00', '3.00', '3.00', '3.00', '4.00', '3.00', '4.00', NULL, '5.00', '4.00', '3.00'),
(10085, 'poprawne', '3.00', '3.00', '5.00', '3.00', '3.00', '4.00', '4.00', '3.00', '3.00', '4.00', '4.00', NULL, '5.00', '4.00', '5.00'),
(10088, 'wzorowe', '4.00', '4.00', '4.00', '4.00', '3.00', '5.00', '5.00', '4.00', '3.00', '4.00', '5.00', NULL, '5.00', '4.00', '4.00'),
(10089, 'dobre', '6.00', '3.00', '5.00', '4.00', '3.00', '3.00', '4.00', '3.00', '3.00', '3.00', '4.00', NULL, '4.00', '4.00', '5.00'),
(10093, 'dobre', '6.00', '4.00', '3.00', '3.00', '4.00', '3.00', '3.00', '3.00', '3.00', '3.00', '5.00', NULL, '5.00', '4.00', NULL),
(10094, 'wzorowe', '5.00', '4.00', '4.00', '4.00', '4.00', '3.00', '5.00', '3.00', '4.00', '4.00', '5.00', NULL, '5.00', '4.00', '5.00'),
(10096, 'poprawne', '5.00', '3.00', '3.00', '2.00', '2.00', '3.00', '3.00', '3.00', '2.00', '2.00', '4.00', NULL, '3.00', '4.00', '2.00'),
(10097, 'wzorowe', '5.00', '4.00', '4.00', '5.00', '4.00', '4.00', '4.00', '5.00', '4.00', '5.00', '6.00', NULL, '6.00', '5.00', '5.00'),
(10099, 'wzorowe', '5.00', '3.00', '4.00', '4.00', '3.00', '5.00', '4.00', '3.00', '3.00', '4.00', '5.00', NULL, '5.00', '4.00', '4.00'),
(10103, 'poprawne', '4.00', '4.00', '5.00', '3.00', '2.00', '3.00', '4.00', '2.00', '3.00', '3.00', '4.00', NULL, '5.00', '4.00', '4.00'),
(10105, 'dobre', '4.00', '3.00', '6.00', '4.00', '3.00', '5.00', '4.00', '3.00', '3.00', '3.00', '6.00', NULL, '4.00', '4.00', '4.00'),
(10106, 'wzorowe', '4.00', '4.00', '5.00', '4.00', '3.00', '4.00', '3.00', '2.00', '3.00', '2.00', '5.00', NULL, '4.00', '4.00', '5.00'),
(10109, 'dobre', '5.00', '3.00', '2.00', '2.00', '3.00', '4.00', '4.00', '4.00', '3.00', '3.00', '5.00', NULL, '6.00', '4.00', '5.00'),
(10110, 'wzorowe', '5.00', '4.00', '3.00', '5.00', '4.00', '4.00', '3.00', '4.00', '3.00', '5.00', '6.00', NULL, '5.00', '4.00', NULL),
(10112, 'dobre', '5.00', '3.00', '3.00', '3.00', '3.00', '3.00', '3.00', '3.00', '3.00', '3.00', '4.00', NULL, '5.00', '4.00', '4.00'),
(10114, 'dobre', '5.00', '3.00', '4.00', '3.00', '4.00', '3.00', '4.00', '4.00', '3.00', '3.00', '4.00', NULL, '5.00', '3.00', '4.00'),
(10115, 'wzorowe', '5.00', '5.00', '4.00', '5.00', '4.00', '5.00', '5.00', '4.00', '4.00', '5.00', '5.00', NULL, '5.00', '5.00', '6.00'),
(10116, 'dobre', '5.00', '3.00', '3.00', '3.00', '2.00', '3.00', '3.00', '3.00', '2.00', '2.00', '4.00', NULL, '4.00', '2.00', '2.00'),
(10117, 'wzorowe', '5.00', '5.00', '5.00', '5.00', '5.00', '6.00', '5.00', '5.00', '5.00', '5.00', '5.00', NULL, '6.00', '4.00', '5.00'),
(10118, 'wzorowe', '5.00', '4.00', '5.00', '5.00', '5.00', '4.00', '5.00', '4.00', '4.00', '5.00', '5.00', NULL, '5.00', '4.00', NULL),
(10119, 'dobre', '5.00', '4.00', '4.00', '3.00', '3.00', '3.00', '4.00', '5.00', '3.00', '3.00', '3.00', NULL, '4.00', '3.00', '3.00'),
(10120, 'dobre', '6.00', '4.00', '4.00', '3.00', '4.00', '3.00', '3.00', '4.00', '3.00', '4.00', '4.00', NULL, '5.00', '4.00', '4.00'),
(10132, 'dobre', '5.00', '3.00', '2.00', '2.00', '3.00', '2.00', '2.00', '4.00', '3.00', '3.00', '4.00', NULL, '4.00', '3.00', '4.00'),
(10133, 'wzorowe', '5.00', '5.00', '5.00', '5.00', '3.00', '4.00', '3.00', '4.00', '3.00', '3.00', '5.00', NULL, '5.00', '4.00', '3.00'),
(10140, 'dobre', '5.00', '4.00', '5.00', '4.00', '3.00', '4.00', '3.00', '3.00', '3.00', '4.00', '5.00', NULL, '4.00', '4.00', '4.00'),
(10142, 'dobre', '6.00', '3.00', '3.00', '2.00', '2.00', '2.00', '3.00', '3.00', '2.00', '2.00', '3.00', NULL, '3.00', '3.00', '4.00'),
(10238, 'dobre', '5.00', '3.00', '4.00', '3.00', '2.00', '3.00', '3.00', '3.00', '3.00', '3.00', '4.00', NULL, '5.00', '3.00', '6.00');

--
-- Indeksy dla zrzutów tabel
--

--
-- Indeksy dla tabeli `dane_os`
--
ALTER TABLE `dane_os`
  ADD KEY `id_ucz` (`id_ucz`);

--
-- Indeksy dla tabeli `nazwiska`
--
ALTER TABLE `nazwiska`
  ADD PRIMARY KEY (`id_ucz`);

--
-- Indeksy dla tabeli `oceny`
--
ALTER TABLE `oceny`
  ADD KEY `id_ucz` (`id_ucz`);

--
-- AUTO_INCREMENT dla zrzuconych tabel
--

--
-- AUTO_INCREMENT dla tabeli `nazwiska`
--
ALTER TABLE `nazwiska`
  MODIFY `id_ucz` int(11) NOT NULL AUTO_INCREMENT, AUTO_INCREMENT=10239;

--
-- Ograniczenia dla zrzutów tabel
--

--
-- Ograniczenia dla tabeli `dane_os`
--
ALTER TABLE `dane_os`
  ADD CONSTRAINT `dane_os_ibfk_1` FOREIGN KEY (`id_ucz`) REFERENCES `nazwiska` (`id_ucz`) ON DELETE CASCADE ON UPDATE CASCADE;

--
-- Ograniczenia dla tabeli `oceny`
--
ALTER TABLE `oceny`
  ADD CONSTRAINT `oceny_ibfk_1` FOREIGN KEY (`id_ucz`) REFERENCES `nazwiska` (`id_ucz`) ON DELETE CASCADE ON UPDATE CASCADE;
COMMIT;

/*!40101 SET CHARACTER_SET_CLIENT=@OLD_CHARACTER_SET_CLIENT */;
/*!40101 SET CHARACTER_SET_RESULTS=@OLD_CHARACTER_SET_RESULTS */;
/*!40101 SET COLLATION_CONNECTION=@OLD_COLLATION_CONNECTION */;
